- 3. Let a(j) = -20*j**2 + 2*j + 5. Let x(n) = t*y(n) - 3*a(n). Give x(1).
9
Let b(v) = -3*v - 26. Let m be b(-9). Let i(t) = -3*t**2 + 3*t**2 - 3*t + t**2 - m + 4. Suppose -a + 4 = a. Calculate i(a).
1
Let v(x) = -x**2 - 15*x + 8. Let m = -356 + 342. Calculate v(m).
22
Let m = 1588 + -3175/2. Let z(s) be the second derivative of 4*s**2 + 1/6*s**3 - m*s**4 + 0 - 1/20*s**5 - 9*s. What is z(-6)?
2
Let o(z) be the second derivative of -5*z + 1/12*z**4 - 1/6*z**3 + 0 - 1/2*z**2. Determine o(2).
1
Let n be (6/3 + 3)/1. Let f = -3 + n. Let v(y) = y**3 - y**2 + y + 2. Let d(i) = -6*i**3 + 6*i**2 - 5*i - 11. Let o(t) = 2*d(t) + 11*v(t). Determine o(f).
-2
Let x(w) = -w**3 + 2*w**2 + 2*w + 1. Let c(v) = -v**2 - 8*v - 9. Let g be c(-8). Let r be (2*g/6)/(-1). Calculate x(r).
-2
Let p(n) = 2*n**2 - 36 + 4*n - 35 + 69 + n. What is p(-3)?
1
Let s(g) = -20 - g**2 - 6*g - 6*g - 3*g + 0*g**2 + g. Determine s(-13).
-7
Let q(x) = -x**3 + 4*x**2 + 16*x - 8. Let d be q(6). Let z = d - 14. Let i(g) = g**2 + 2*g. Determine i(z).
8
Let c(o) = -o - 3. Let s = 11 - 4. Let w = s - -1. Let m(f) = -f**2 + 7*f + 11. Let z be m(w). Give c(z).
-6
Let f(r) = 3*r - 261*r**2 - 2 - r + 0*r - 8*r + 262*r**2. Suppose -10 = -3*j + j. What is f(j)?
-7
Let s(h) = -h**2 - 4*h - 2. Let q(f) = f**2 + 5*f - 12. Let k be q(-9). Let v = k + -27. Give s(v).
1
Let l(y) = -3*y**3 - 2*y**2 - 2*y - 2. Let t = -20 - -18. What is l(t)?
18
Suppose 2 = 3*v - 7. Let k(z) = 2*z + 1 + v - 1. Let j(c) = c + 4. Let a(h) = -4*j(h) + 3*k(h). Give a(5).
3
Let m = -24 + 21. Let i = -11 + 16. Let x(c) = c - 4. Let k(h) = 2*h - 8. Let l(w) = i*x(w) + m*k(w). What is l(6)?
-2
Let o(i) be the second derivative of i**3/2 + 278*i. Suppose -5*h = -4*z + 16, -4*z + 0*z - 5*h = 24. Let t be (0 - -2)/(z/1). What is o(t)?
-6
Let y(s) = -2*s - 12. Let d(g) = g**2 + 11*g + 15. Let v be d(-8). Let a be y(v). Let o(w) = -w**2 + 6*w - 4. What is o(a)?
-4
Let u(n) = 4 - 12*n - 6*n**3 + 5*n**3 - 9*n + 2*n**2 + 15*n + 4*n**2. What is u(4)?
12
Let r = 218 + -149. Let a(y) = 72*y**2 - r*y**2 + 3*y**3 + 5 - 2*y**3 - 4*y. Calculate a(-4).
5
Let o(x) be the second derivative of x**4/12 + 3*x**3/2 - 11*x**2 - 31*x + 4. Calculate o(-10).
-12
Let b(k) = k**3 - 2*k**2 + 2*k + 1. Let p be (-3)/2*(23 + -25). What is b(p)?
16
Let y(p) be the first derivative of -p**4/4 + 4*p**3/3 + 3*p**2 - 112. Suppose -4*b + 11 = 4*v - 41, 0 = 2*v - 5*b - 40. Suppose o + 2*o = v. Determine y(o).
5
Let c(i) = -i**3 + 8*i**2 - i + 8. Let h be c(8). Suppose h = -3*a + 8 + 25. Let u = a - 13. Let d(f) = 2*f + 3. Calculate d(u).
-1
Let q(g) = g - 4. Let p = 13 - 8. Suppose x + 4*x = p. Suppose -2*v + 33 = v + 4*r, 2*v = 5*r - x. Determine q(v).
3
Suppose 15 = -l - 3*j, -2*l + 0*l - 4*j - 26 = 0. Let s be (-14)/3 + 3/l. Let b(y) = -y + 5. Calculate b(s).
10
Let a(o) = 5*o + 30. Let r = -1071 - -1065. Give a(r).
0
Let y(n) = -n**3 + 7*n**2 - 5*n - 3. Let u be y(6). Suppose 0 = z + 5*q + 14, -4*z + u*q - 7 = 3. Let o(v) = -v**2 + 5. Determine o(z).
-11
Let z(n) = 20*n**3 + 10*n**2 + 64*n + 51. Let a(x) = 7*x**3 + 3*x**2 + 22*x + 17. Let j(f) = 17*a(f) - 6*z(f). What is j(-8)?
-1
Let f(p) = -p**3 + 9*p**2 + 9*p + 13. Suppose 4*k - 104 = 3*q, 5*q - 2*k = k - 166. Let t be (1 + 22/(-6))*120/q. Determine f(t).
3
Let i(o) = o**2 - 11*o + 18. Let a = -75 - -84. Give i(a).
0
Let k(n) = n**2 - 4*n - 14. Let h be k(6). Let x(c) be the third derivative of 1/12*c**4 + 1/60*c**6 - 2*c**2 + 1/30*c**5 + 0*c + 1/2*c**3 + 0. Give x(h).
-9
Let h(v) be the second derivative of 1/2*v**3 - 1/2*v**4 + 0 + 1/20*v**5 + 0*v**2 - 8*v. What is h(5)?
-10
Let b = -9 + -1. Let d be (1/(-2))/(4/(-48)). Let m = b + d. Let s(i) = i**3 + 3*i**2 - 4*i + 4. Give s(m).
4
Let v be 5/(55/99)*-1. Let r(s) = 3*s - 11. Determine r(v).
-38
Let p(b) = -3*b + 7. Let z(j) = -4*j + 10. Let o(v) = -7*p(v) + 5*z(v). Let a be ((-7)/(84/16))/((-48)/180). Determine o(a).
6
Suppose w - 36*w + w = 22*w. Let j(s) = 0 - s + 2*s + 4. What is j(w)?
4
Let b(u) be the first derivative of -5*u + 8*u**2 - 16 + 4*u**2 - 13*u**2. Calculate b(-6).
7
Let u(x) = 3875 + x + x**2 - 1940 - 1935. Let n(b) = b**3 - 2*b**2 - b + 1. Let v(z) = -z**2 + 4*z - 3. Let d be v(2). Let h be n(d). Give u(h).
0
Let u(j) = 6*j**2 + 19*j**3 + 4 - j**2 - 5*j + 11*j**3 - 29*j**3. Determine u(-6).
-2
Let s = -1/1006 - -505/2012. Let f(d) be the first derivative of -1/3*d**3 - 8 - s*d**4 - 4*d + 1/2*d**2. Determine f(0).
-4
Suppose 3*s = -3*v + 24, -2*s = -3*v - 0 + 4. Let g(y) = -11729*y + 5867*y - 1 + 5863*y. Determine g(s).
3
Let o(z) be the second derivative of 0 - 1/2*z**2 + 10*z - 1/6*z**3. What is o(-2)?
1
Let h(r) = 7 - 3*r + 67*r**2 - 38*r**2 - 27*r**2 + r. Determine h(0).
7
Let y be (1*-48)/3 - 2. Let a = -16 - y. Let n(h) = h**3 - h**2 + 3*h - 3. Determine n(a).
7
Let w(x) = -3*x - 13. Let d = 128 - 132. Give w(d).
-1
Let h(t) = 14*t - 41. Let b(q) = -5*q + 15. Let m(i) = 17*b(i) + 6*h(i). What is m(7)?
2
Let p(s) = -s**3 - 14 - 24 + 6*s + 3*s**2 + 45. Give p(5).
-13
Let v(c) = 11*c + 4 - 6*c + c**2 - c - 1. Let f be v(-3). Let p(t) = -t**2 - t - 8. Give p(f).
-8
Let b(y) = 14 - 19 + 10*y**2 + 0*y - 8 - y**3 - 6*y. Calculate b(9).
14
Let k(i) be the third derivative of -5*i**4/24 - i**3/6 + 154*i**2 + 2*i. Calculate k(4).
-21
Let w = 4 + -2. Let x = -90 + 97. Suppose 4*m - x = -5*l - 25, 0 = 4*l - 5*m - w. Let o(g) = -2*g**2 - 1. Determine o(l).
-9
Suppose -3*m = 4*c + 1, -m + 3 = -5*c + 16. Let g(t) = 7*t**3 + 16*t**2 - 2*t - 18. Let p(o) = -4*o**3 - 9*o**2 + o + 10. Let h(l) = 3*g(l) + 5*p(l). Give h(m).
-1
Let k(o) = o**3 - 13*o**2 + 10*o + 28. Suppose -d + 14 = 5*g - 46, 2*g + 2*d = 24. Give k(g).
4
Let h(k) = -3*k**2 - 80*k - 58. Let z be h(-26). Let s(n) be the first derivative of -n**4/4 - 7*n**3/3 - 2*n**2 + 4*n - 4. Calculate s(z).
-8
Let q(k) = k**3 - k**2 + k + 1. Suppose -7*i + 8*i = -34. Let x = -34 - i. Calculate q(x).
1
Let j(m) = -m**3 + 3*m**2 + 3*m - 3. Let k be j(4). Let r(a) = a**3 + 6*a**2 - 8*a - 5. Calculate r(k).
2
Let d(l) = -2*l**3 - l - 1. Let w(b) = 5*b**3 + 8*b**2 - 4*b + 2. Let x(h) = 3*d(h) + w(h). Determine x(6).
29
Let g(y) = y**3 + 7*y**2 + 5*y - 1. Let v(b) be the third derivative of 5*b**4/24 + 4*b**3 - 27*b**2. Let n be v(-6). Calculate g(n).
5
Suppose -4*s - 7 = -23. Let h(a) be the third derivative of 0*a + 1/6*a**3 + 0 - 1/24*a**4 - 5*a**2. Determine h(s).
-3
Let n(i) = -10 - 105*i + 56*i + 50*i. Let w = 3 + 2. What is n(w)?
-5
Let i(j) = 5*j**3 + 19*j**2 - 30*j - 1. Let f(d) = -3*d**3 - 9*d**2 + 15*d + 1. Let a(o) = -7*f(o) - 4*i(o). Determine a(12).
33
Let l be 18/4*(-5)/(105/14). Let p(f) = -2*f + 5. Calculate p(l).
11
Let a(c) = -109*c**2 + 57*c**2 + 1 + 39*c**2. What is a(1)?
-12
Let c(o) = -17*o - 1. Let j(u) = -7*u. Let t(m) = 3*c(m) - 5*j(m). Determine t(-2).
29
Let j(m) = -m**2 + 14*m + 6. Let g(a) = a**2 - 2*a. Let b(f) = 2*g(f) + j(f). Determine b(-10).
6
Let q(c) = -7*c**3 - 2*c**2 - c. Let y be q(-1). Suppose 6*r = 3*r + y. Let l(p) = 3*p - 3*p + 3*p. Determine l(r).
6
Let w = 3 + 0. Suppose -9*m = -3*m - 6. Let k(r) = -7*r + m - 6 - r**w + 3*r + 5*r**2. Give k(4).
-5
Let t(l) = -12*l - 7. Let m be t(-1). Let x(d) = -4 - 11*d + 9*d + m. Determine x(2).
-3
Let x be ((-44)/6)/((-6)/(-54)). Let m be (-12)/x + (-159)/(-33). Let k(n) = 5*n - 13 + 5 + 10*n - m*n - n**2. Give k(6).
16
Suppose 5*s - 3*s + 6 = 4*k, -2*s + 5*k = 4. Let f(i) = -i**2 - 2*i - 2. Give f(s).
-37
Let q(d) be the third derivative of d**5/24 + d**4/12 - 7*d**3/3 + 22*d**2. Let k(u) be the first derivative of q(u). Calculate k(2).
12
Suppose -3*n + 5*l + 11 = -13, -2*l = -5*n + 21. Let i be n/(-2)*26/(-39). Suppose t - 4 = i. Let g(p) = p**3 - 6*p**2 + 8*p - 7. What is g(t)?
8
Let h(q) be the third derivative of -q**5/60 - q**4/24 + q**3/3 - 4*q**2 + 4*q. Give h(-3).
-4
Let f(r) = r**3 - 4*r**2 - r - 1. Let l be -3 + -1 - -4*(-42)/(-24). Give f(l).
-13
Let b be (1 - -2)/((-6)/(-4)). Suppose -3*a + q + 2 = -3, -q = -1. Let o(d) = -3*d**3 - 2*d**3 + a*d**3 + 3 - 2*d**2 + 4*d**3 - 2*d. Determine o(b).
-1
Let a(t) = 17*t**3 - 20*t**2 + t + 7. Let s(q) = -14*q**3 + 19*q**2 - q - 8. Let g(y) = -5*a(y) - 6*s(y). Give g(-14).
-1
Let x(o) be the second derivative of o**5/10 - 5*o**4/12 - o**3/2 - o**2 - 2*o + 35. Determin